the prime factors of 114364?
2, 28591
List the prime factors of 17797383.
3, 271, 7297
List the prime factors of 87553.
87553
What are the prime factors of 139995?
3, 5, 17, 61
List the prime factors of 397643.
397643
List the prime factors of 36005.
5, 19, 379
List the prime factors of 1414127.
11, 13, 29, 31
List the prime factors of 18480400.
2, 5, 47, 983
What are the prime factors of 250112?
2, 977
List the prime factors of 442581.
3, 151, 977
List the prime factors of 184001.
37, 4973
What are the prime factors of 33533070?
2, 3, 5, 1117769
What are the prime factors of 122175?
3, 5, 181
What are the prime factors of 1107154?
2, 241, 2297
What are the prime factors of 1245597?
3, 67, 6197
What are the prime factors of 829971?
3, 92219
List the prime factors of 142555.
5, 7, 4073
What are the prime factors of 1294676?
2, 29, 11161
What are the prime factors of 459996?
2, 3, 38333
List the prime factors of 17100919.
11, 37, 42017
What are the prime factors of 2716249?
2716249
List the prime factors of 214450.
2, 5, 4289
List the prime factors of 11359484.
2, 2839871
List the prime factors of 96926.
2, 48463
What are the prime factors of 3069229?
79, 38851
List the prime factors of 211069.
83, 2543
List the prime factors of 116228.
2, 7, 593
List the prime factors of 404292.
2, 3, 7, 4813
List the prime factors of 1153839.
3, 139, 2767
List the prime factors of 3618190.
2, 5, 181, 1999
List the prime factors of 47360.
2, 5, 37
List the prime factors of 1081416.
2, 3, 7, 41, 157
List the prime factors of 422181.
3, 61, 769
List the prime factors of 5787448.
2, 457, 1583
List the prime factors of 526477.
7, 75211
What are the prime factors of 220540?
2, 5, 11027
What are the prime factors of 4861359?
3, 19, 28429
What are the prime factors of 1708883?
11, 29, 487
What are the prime factors of 960748?
2, 181, 1327
What are the prime factors of 8298474?
2, 3, 431, 3209
What are the prime factors of 6132548?
2, 1533137
List the prime factors of 944046.
2, 3, 179, 293
List the prime factors of 304038.
2, 3, 7, 19, 127
What are the prime factors of 5962828?
2, 487, 3061
What are the prime factors of 799374?
2, 3, 17, 461
List the prime factors of 377481.
3, 13, 9679
List the prime factors of 601754.
2, 300877
What are the prime factors of 659005?
5, 17, 7753
List the prime factors of 619536.
2, 3, 12907
What are the prime factors of 252815?
5, 59, 857
List the prime factors of 36662978.
2, 11, 1666499
What are the prime factors of 1647849?
3, 7, 131, 599
List the prime factors of 9051449.
11, 757, 1087
What are the prime factors of 289449?
3, 29, 1109
What are the prime factors of 1464093?
3, 162677
What are the prime factors of 3544330?
2, 5, 17, 20849
What are the prime factors of 35941?
127, 283
List the prime factors of 1382290.
2, 5, 7, 13, 31
List the prime factors of 1037444.
2, 419, 619
What are the prime factors of 18931629?
3, 6310543
What are the prime factors of 95029?
11, 53, 163
List the prime factors of 7629584.
2, 476849
List the prime factors of 23714723.
1861, 12743
List the prime factors of 480014.
2, 240007
What are the prime factors of 1654184?
2, 7, 109, 271
What are the prime factors of 930977?
930977
What are the prime factors of 1407091?
7, 59, 3407
What are the prime factors of 1779831?
3, 197759
What are the prime factors of 566463?
3, 31, 6091
List the prime factors of 800985.
3, 5, 67, 797
What are the prime factors of 369574?
2, 41, 4507
What are the prime factors of 211544?
2, 31, 853
List the prime factors of 611568.
2, 3, 31, 137
List the prime factors of 140720.
2, 5, 1759
List the prime factors of 518294.
2, 7, 37021
What are the prime factors of 594576?
2, 3, 4129
What are the prime factors of 679763?
7, 19, 269
List the prime factors of 32049.
3, 1187
List the prime factors of 2953909.
7, 421987
What are the prime factors of 35241403?
35241403
List the prime factors of 5711511.
3, 13, 146449
What are the prime factors of 509764?
2, 31, 4111
What are the prime factors of 2908996?
2, 727249
List the prime factors of 1863042.
2, 3, 310507
What are the prime factors of 15052188?
2, 3, 757, 1657
What are the prime factors of 9558634?
2, 19, 251543
List the prime factors of 971631.
3, 47, 2297
What are the prime factors of 153408?
2, 3, 17, 47
List the prime factors of 262138.
2, 53, 2473
What are the prime factors of 1622227?
107, 15161
List the prime factors of 5968672.
2, 383, 487
List the prime factors of 2180927.
7, 311561
What are the prime factors of 7086739?
11, 17, 37897
List the prime factors of 19335662.
2, 2383, 4057
List the prime factors of 85994.
2, 19, 31, 73
What are the prime factors of 601509?
3, 37, 5419
What are the prime factors of 162222?
2, 3, 19, 1423
List the prime factors of 7459048.
2, 41, 22741
What are the prime factors of 453219?
3, 13, 11621
List the prime factors of 307481.
307481
What are the prime factors of 276375?
3, 5, 11, 67
What are the prime factors of 96051?
3, 101, 317
What are the prime factors of 466828?
2, 116707
List the prime factors of 15275448.
2, 3, 53, 4003
List the prime factors of 2204469.
3, 81647
List the prime factors of 170712.
2, 3, 2371
What are the prime factors of 37768704?
2, 3, 67, 367
What are the prime factors of 15170407?
7, 37, 58573
List the prime factors of 198541.
7, 113, 251
What are the prime factors of 9572728?
2, 11, 181, 601
What are the prime factors of 16996811?
13, 19, 68813
List the prime factors of 957687.
3, 73, 4373
List the prime factors of 191964.
2, 3, 17, 941
What are the prime factors of 4991462?
2, 7, 356533
List the prime factors of 1586134.
2, 11, 17, 4241
List the prime factors of 5625079.
17, 330887
What are the prime factors of 1156835?
5, 231367
List the prime factors of 283065.
3, 5, 113, 167
List the prime factors of 6400811.
139, 46049
What are the prime factors of 165289?
67, 2467
What are the prime factors of 219659?
11, 19, 1051
What are the prime factors of 707030?
2, 5, 17, 4159
List the prime factors of 2236192.
2, 7, 67, 149
What are the prime factors of 2268689?
1201, 1889
What are the prime factors of 21291029?
21291029
What are the prime factors of 252143?
252143
What are the prime factors of 1876903?
7, 73, 3673
List the prime factors of 184994.
2, 17, 5441
List the prime factors of 193558.
2, 96779
List the prime factors of 2642630.
2, 5, 264263
What are the prime factors of 757940?
2, 5, 37897
List the prime factors of 44313.
3, 14771
What are the prime factors of 843107?
31, 27197
List the prime factors of 941066.
2, 7, 67219
List the prime factors of 193064.
2, 24133
List the prime factors of 170061.
3, 56687
What are the prime factors of 3936222?
2, 3, 72893
What are the prime factors of 801941?
7, 17, 23, 293
What are the prime factors of 4101272?
2, 7, 73237
List the prime factors of 7227635.
5, 17, 23, 3697
What are the prime factors of 5097369?
3, 101, 16823
List the prime factors of 102377.
11, 41, 227
List the prime factors of 1862450.
2, 5, 193
What are the prime factors of 492634?
2, 246317
What are the prime factors of 657558?
2, 3, 11, 41
List the prime factors of 216696.
2, 3, 9029
What are the prime factors of 29583861?
3, 131, 75277
What are the prime factors of 4270729?
109, 39181
List the prime factors of 173881.
41, 4241
What are the prime factors of 159513?
3, 53171
List the prime factors of 254771.
11, 19, 23, 53
What are the prime factors of 3934747?
601, 6547
What are the prime factors of 746504?
2, 11, 17, 499
List the prime factors of 416601.
3, 41, 1129
List the prime factors of 194091.
3, 31, 2087
List the prime factors of 470071.
7, 67153
What are the prime factors of 13451296?
2, 420353
List the prime factors of 15981.
3, 7, 761
What are the prime factors of 5999556?
2, 3, 263, 1901
What are the prime factors of 7696045?
5, 7, 19, 71, 163
List the prime factors of 3423408.
2, 3, 73, 977
What are the prime factors of 5335638?
2, 3, 7, 11, 11549
List the prime factors of 2790679.
2790679
List the prime factors of 3623880.
2, 3, 5, 13, 23, 101
What are the prime factors of 7257035?
5, 47, 30881
What are the prime factors of 121718?
2, 60859
What are the prime factors of 6932324?
2, 7, 113, 313
List the prime factors of 5833527.
3, 7, 277787
What are the prime factors of 168214?